e number?
False
Is 20678566211 a composite number?
False
Is 1722162863 a composite number?
True
Is 2104777841 a composite number?
False
Is 1971068579 a prime number?
True
Is 2798955167 prime?
True
Is 484106911 a composite number?
True
Is 148175936771 composite?
True
Is 3489103633 a composite number?
False
Is 1223606167 a composite number?
True
Is 14694613441 composite?
False
Is 2392153693 a prime number?
True
Is 2714001451 a composite number?
True
Is 3181780079 a composite number?
False
Is 2621615281 composite?
False
Is 1638746699 a composite number?
False
Is 310652519 prime?
False
Is 227931698351 prime?
False
Is 7921992679 composite?
True
Is 20564095549 a prime number?
False
Is 1982374817 prime?
False
Is 2976232423 a prime number?
False
Is 15754976929 a composite number?
False
Is 135689458423 a prime number?
True
Is 12498299381 a composite number?
True
Is 11060615339 a prime number?
True
Is 17963926537 a composite number?
True
Is 6063257 composite?
True
Is 5548048907 a composite number?
False
Is 4243048687 a composite number?
True
Is 2695901129 composite?
True
Is 975582505 prime?
False
Is 180913013 a composite number?
True
Is 69881428523 a prime number?
True
Is 499172221 a composite number?
True
Is 20838152501 a prime number?
False
Is 452227973 composite?
False
Is 1556724599 prime?
True
Is 55025286089 composite?
True
Is 3056019257 prime?
True
Is 202921031 a composite number?
False
Is 16381301141 prime?
True
Is 3696412991 a composite number?
False
Is 30182526833 prime?
True
Is 9244561 a composite number?
True
Is 258170279843 a prime number?
False
Is 5344010759 a prime number?
False
Is 2920952337 composite?
True
Is 167389213309 prime?
False
Is 5717667479 a composite number?
False
Is 2145202473 a composite number?
True
Is 677830057 a prime number?
True
Is 2713838111 composite?
True
Is 140885933 a composite number?
False
Is 12301185355 a composite number?
True
Is 633038737 composite?
True
Is 1197099157 prime?
False
Is 649041971 prime?
True
Is 620726053 prime?
True
Is 14808272711 composite?
True
Is 5861151913 composite?
True
Is 256457101 a prime number?
False
Is 563583269 a composite number?
True
Is 2299482767 a composite number?
True
Is 1939759417 prime?
False
Is 72175657549 prime?
True
Is 4937415023 a composite number?
True
Is 29800553423 a composite number?
False
Is 836964397 a composite number?
False
Is 35648643857 composite?
True
Is 2650130239 a composite number?
True
Is 27916008301 composite?
False
Is 3385032787 a prime number?
False
Is 1167758909 prime?
True
Is 2565964993 composite?
False
Is 363679271 prime?
False
Is 56736318607 prime?
False
Is 2470584037 composite?
True
Is 40231654397 prime?
False
Is 4484624503 a composite number?
False
Is 244345853 composite?
False
Is 2590495433 a prime number?
True
Is 6505881787 a prime number?
True
Is 1609024667 a prime number?
False
Is 107243897371 composite?
True
Is 55994992237 a composite number?
False
Is 1374095902 a composite number?
True
Is 403945463 a prime number?
True
Is 5132089229 a composite number?
False
Is 1270118827 a prime number?
False
Is 6770491601 a prime number?
True
Is 5161377993 prime?
False
Is 720764149 a composite number?
True
Is 8610080371 a composite number?
False
Is 501962467 composite?
True
Is 8281955861 a prime number?
True
Is 18148875671 composite?
True
Is 75207316533 composite?
True
Is 5721581861 composite?
True
Is 2262362369 composite?
True
Is 1484177797 a prime number?
False
Is 2086953853 prime?
True
Is 254028587 prime?
True
Is 57976493 a composite number?
False
Is 2048402227 prime?
True
Is 6483633985 a prime number?
False
Is 589659097 prime?
False
Is 135308647 a prime number?
True
Is 38933657633 a composite number?
True
Is 3855946033 a prime number?
False
Is 1179268009 composite?
False
Is 340347173 a composite number?
True
Is 1591485281 a composite number?
False
Is 11235047927 a composite number?
False
Is 1069557187 prime?
False
Is 2001586283 composite?
True
Is 216576735077 a composite number?
False
Is 815262109 a prime number?
True
Is 2375200103 a prime number?
False
Is 7881050129 a prime number?
True
Is 3539715353 a prime number?
True
Is 41282528191 composite?
True
Is 83814145111 prime?
True
Is 76267328362 prime?
False
Is 72886696667 composite?
True
Is 19713864467 composite?
True
Is 4557654139 prime?
False
Is 546922331 a prime number?
True
Is 2723186941 a composite number?
False
Is 18279019063 composite?
False
Is 252835747 prime?
False
Is 61040084117 a composite number?
True
Is 2184968683 prime?
False
Is 716682457 prime?
False
Is 1868475946 composite?
True
Is 366218731 a prime number?
False
Is 38212690183 composite?
True
Is 1709285797 prime?
True
Is 572926181 a prime number?
True
Is 1169282599 composite?
True
Is 1677012214 prime?
False
Is 18060241651 prime?
True
Is 1213434617 prime?
False
Is 64009769 composite?
True
Is 4388175529 prime?
True
Is 35373890029 a prime number?
False
Is 3051077411 a prime number?
True
Is 41548931 a prime number?
True
Is 648485297 composite?
True
Is 275276327 a prime number?
True
Is 58382600439 prime?
False
Is 7918293311 prime?
True
Is 135091120921 a composite number?
True
Is 3268796957 prime?
False
Is 3686298223 a composite number?
False
Is 5528591179 a prime number?
False
Is 1461576439 a prime number?
False
Is 3996943681 prime?
True
Is 520608239 composite?
True
Is 5573580829 a composite number?
False
Is 2528292691 a prime number?
True
Is 96077558891 a prime number?
False
Is 778286101 prime?
True
Is 363188951 composite?
False
Is 4603575077 a prime number?
False
Is 3391891523 composite?
True
Is 3481765471 a composite number?
False
Is 1396420063 a prime number?
False
Is 20804985219 composite?
True
Is 27914846933 composite?
True
Is 794552631 prime?
False
Is 237037009 a composite number?
True
Is 2810092955 composite?
True
Is 46869894713 prime?
True
Is 9793541437 prime?
True
Is 1127205617 prime?
False
Is 136648292897 prime?
True
Is 212474923 a composite number?
False
Is 2996768881 a composite number?
True
Is 3549471403 prime?
True
Is 601457431 composite?
True
Is 32813384759 composite?
False
Is 1084960127 a composite number?
False
Is 2456716589 a prime number?
True
Is 39513680233 composite?
True
Is 1294481537 prime?
False
Is 47879621 composite?
True
Is 299884738 a composite number?
True
Is 12323040127 composite?
False
Is 8140169099 prime?
False
Is 455869649 a prime number?
True
Is 2002313011 composite?
True
Is 5274261659 a prime number?
True
Is 557574643 a prime number?
True
Is 1178980487 composite?
False
Is 1219707043 composite?
True
Is 8758449395 a prime number?
False
Is 729958907 prime?
True
Is 2084279947 prime?
False
Is 38342447707 a prime number?
False
Is 1380365483 a composite number?
True
Is 16156744459 a composite number?
False
Is 1915245859 a composite number?
True
Is 978592079 a composite number?
False
Is 1404475447 composite?
True
Is 21169751 prime?
False
Is 593649653 a composite number?
True
Is 54161139665 prime?
False
Is 10413982633 a prime number?
True
Is 763366907 prime?
True
Is 9886691 a composite number?
False
Is 22971829 a composite number?
False
Is 34020391 prime?
True
Is 312800003 a prime number?
False
Is 9728717701 a prime number?
False
Is 548846689 prime?
True
Is 2655606659 a prime number?
False
Is 11274357733 prime?
True
Is 7890968867 prime?
True
Is 15415849073 composite?
False
Is 1713709511 a composite number?
False
Is 3827601457 a composite number?
False
Is 594773791 composite?
True
Is 16803622697 a prime number?
True
Is 585359531 a composite number?
False
Is 1668022581 a prime number?
False
Is 12157880323 prime?
True
Is 55991544557 a prime number?
False
Is 7758529421 a composite number?
True
Is 14720230129 composite?
True
Is 273793311013 a prime number?
True
Is 17185801291 a composite number?
True
Is 154180993 a composite number?
True
Is 10760788559 a prime number?
True
Is 9648509531 prime?
True
Is 2399962407 prime?
False
Is 53608276339 composite?
False
Is 8328021445 a prime number?
False
Is 75007897 composite?
True
Is 67393230739 prime?
False
Is 1789227809 composite?
True
Is 297361533497 prime?
False
Is 639566293 a composite number?
True
Is 66236069 a prime number?
True
Is 159130547 a composite number?
True
Is 397608773 prime?
True
Is 130412927 composite?
False
Is 6108171451 composite?
True
Is 14424431281 prime?
Fal